 1 + -44 + ((6 + -19 - -5) + 9 - 5).
-47
-6 + 2 + -1 + (-11 + (-12 - -8) - 13)
-33
Calculate 56 + (-30 - 0) + (-106 + 49 - -69).
38
What is the value of -9 + (-1 - -16) + (-79 - -76) - (-24 - 0)?
27
What is the value of (41 - 16) + -29 - 15?
-19
What is the value of 58 - 50 - (-1 + (40 - -2) + -7 + 11)?
-37
What is the value of (47 - 19) + -68 + 51?
11
Evaluate 9 + -52 - (65 - 77).
-31
What is the value of -23 + -5 + (55 - (19 - -38))?
-30
Calculate (1 - -211 - 119) + 28.
121
What is 84 - -4 - (-3270 + 3417)?
-59
Evaluate -26 - (2 - 6) - (-24 + (13 - -2)).
-13
What is the value of -1 + 57 - (-171 - -220)?
7
What is the value of 213 - 246 - (-7 - 70)?
44
What is (1721 - 1565) + -105 + 0?
51
Evaluate (25 - (12 - -29)) + 40 - 42.
-18
What is -40 + -16 + -68 + (41 - 6)?
-89
Calculate 2 + 24 + 78 + -62.
42
What is (-13 - -2) + (-47 - -68) + (-80 - 2) + -2?
-74
What is (-881 - -800) + (3 - -6)?
-72
Calculate ((16 - 5) + -12 - (-13 + 7)) + -30.
-25
What is the value of (23 - (4 + -17 - -38)) + 12 + (-1 - 47)?
-38
What is (-8 - (10 + -8)) + -5 + (63 - 2)?
46
Calculate 1813 - 1926 - (-74 - 2).
-37
Calculate -21 + (10 - (-21 - (12 - 4))).
18
Calculate -21 + (-4 - -11) + (1 + -18 - -8).
-23
What is (0 - -6) + 135 + -133 + (-67 - 1) + 4?
-56
(-187 - -183) + (4 - (-38 + 2)) + (-7 - -1)
30
Calculate (6 - 5 - 16) + (-1 - -75).
59
What is -138 + (-22 + -1 - (-57 + 166 + -123))?
-147
Evaluate 22 + (-1 - 6) + 0 + (-9 - 5 - -14).
15
Calculate 860 + -707 - (17 + 247).
-111
Calculate (-12 - 3 - -1) + (66 - (69 + -1)).
-16
-21 + 19 + (-12 - -12) + 14 - (-1 + -68)
81
What is the value of -38 + (28 + -34 - -32 - 33)?
-45
535 - 429 - (20 + 53)
33
What is the value of 23 - ((-112 - -87) + 4 + 7)?
37
Calculate -10 + (-26 - 7 - -14).
-29
What is the value of -4 + 18 + -43 + 3?
-26
What is the value of (-182 - (-239 + 91)) + 13 + -1 + 0?
-22
(-417 - -368) + -18 + -5
-72
What is the value of (1532 - 1573) + (2 - (-2 - -7 - -19))?
-63
What is -548 + 500 - (-3 - (0 + 2 + -14 - -5))?
-52
(33 - 42) + (3 - (7 + (-10 - -3))) + -12
-18
What is -6 + -2 + (-77 - -58 - -77)?
50
What is the value of -150 + (-77 - -20 - -31 - -61)?
-115
Calculate 2 - (1 - 1) - (-94 + (2 - -83)).
11
What is -34 + 1 + (-1142 - -1190) - (0 + 41)?
-26
What is -5 + 17 - (50 - 32 - (-11 + 3))?
-14
Calculate (-35 - (50 - 42)) + -7 + 2 + -1 + -1.
-50
What is 12 - (20 + 0 - (49 - 27)) - 13?
1
Evaluate (5 + 4 - 3 - (62 + -61)) + -9 + -57.
-61
What is the value of (10 - -5 - (7 - -21)) + 18?
5
What is 4 - -17 - (-50 + 189)?
-118
9 + -1 + (-793 - -799) - (50 + 2)
-38
(2 - -10) + -2 - (-20 + -31)
61
Calculate 39 - ((4 - -23) + (81 - 2)).
-67
Evaluate -39 + -3 - (45 - (15 - -36)).
-36
(-83 - -16) + 79 - (16 - (-1 - -1))
-4
(0 + 3 - -3) + 41 + (22 - (2 + 26))
41
What is 9 - ((2 - (4 + -2)) + 1 - (-36 + 75))?
47
Evaluate -1 + -8 - (-59 + -8 - -2) - (-8 - 0).
64
What is the value of (-1 - (-5 + 2 + 13)) + 621 + -555?
55
(-12 - 0 - 8) + (-92 - -4) + 13
-95
What is the value of 1682 - 1754 - (-53 - -2)?
-21
Evaluate 94 + (88 - 79) - 96.
7
-6 - ((-10 - (6 + -31 - -3)) + 12)
-30
What is the value of 116 + -34 + -128 + 10?
-36
Evaluate -19 + 17 + 78 - 127.
-51
What is 37 + 0 + (17 - 55 - -33)?
32
Calculate -20 - (-3 - (-15 - (-17 + 11))).
-26
What is 19 - (8 + -23) - (-49 + 25)?
58
What is -1 + 22 - (41 + (3 - 62))?
39
What is the value of (-52 - -57) + -53 - (2 + -10)?
-40
6 + -1 + -304 + 301 - (4 - 0 - 0)
-2
Evaluate -13 + 2 + (-170 - -260).
79
Calculate 4 - (119 - (-25 + 19) - 25).
-96
What is the value of -24 + 3 - (-65 - (-69 + 7))?
-18
Evaluate (9 - (4 - (2 - 10)) - (5 - 5)) + -43.
-46
What is -2 - (19 + -19 - 20)?
18
Evaluate (9 - -4) + (-2 - -24 - -22).
57
(0 - 0) + -24 + 18 + 20 + -10
4
3 - 0 - 100 - (-8746 + 8786)
-137
Calculate 16 + (-1 - 0) - (10655 - 10657).
17
Evaluate -72 + (-5 - -2 - (12 + 2)) + 32.
-57
What is the value of -40 + -50 + 67 + (4 - (2 + 18 - 2))?
-37
Calculate -73 + -22 + 7 + (-6 - 16 - -32).
-78
What is 183 + -200 - (61 + -17)?
-61
What is the value of (0 - -10) + (32 - (83 - 23)) + 9?
-9
8 - (-9 - 1 - (-12 + 22 + -11))
17
Evaluate 2 + 3 + -28 + (106 - -27) + 26.
136
Evaluate -118 - -48 - (-120 - 23).
73
What is the value of (2 - 3) + -46 - (-33 + -4 + 23)?
-33
Evaluate -21 - (-58 - (46 + -56)).
27
Evaluate 90 + (9 + -78 - -14).
35
-1694 - -1645 - (-14 - 1)
-34
6 + -13 - 14 - (27 + -46)
-2
What is -28 - -10 - (-157 - -174)?
-35
What is the value of 43 + -59 - 0 - 5?
-21
What is the value of 5 + 0 - (-71 + (-4 - (-8 + 29 + -13)))?
88
Calculate 0 + (-13 - -75 - (19 - (-5 - -11))).
49
Evaluate (14 - (-21 + 10 + -12 + 14 - -12)) + -121.
-110
-1 + 2 + -2 + 2 - (-434 - -450)
-15
(134 + -134 + -90 + 1 - -17) + 2 + -13
-83
Calculate -46 - ((119 - 77) + -72).
-16
Calculate -3 + 3 + -9 - (8 + -16 + (25 - 28)).
2
What is -34 + 49 + -52 - -2?
-35
What is the value of 0 + -7 - ((11 - (38 - 33)) + -44 + 2)?
29
274 + -218 - 65 - (106 - -2 - -1)
-118
Calculate 7 + (-40 - -5) + 5 + -17 + 1.
-39
18 - -4 - (3 + -14 - (-30 + 19))
22
(20 + -71 - (0 - 15)) + (-5 - -1)
-40
(-7 - (7 + -11) - (-30 - -27)) + -7 + 125
118
Evaluate -5 + -2 + (114 + -76 - 38).
-7
Calculate (12 + 0 - (4 - 2)) + (-1 - -39) + -36.
12
What is -2 + -76 - (646 - 696)?
-28
Evaluate -5 + -4 + -297 + 336.
30
Evaluate (-901 - -926) + (7 - (4 + 3)).
25
(-11 - -13 - (-12 + 4 - -5)) + -2
3
Calculate (38 - 36) + -24 + 17 + -4.
-9
Evaluate 142 + -117 - (-3 + (-49 - 11)).
88
(8 - (0 + -1 - 0)) + -13 + (11 - -13)
20
-35 + 1 + -51 + 44 + 13 + -1
-29
Evaluate 52 - 6 - (11 - -4 - 5 - -3).
33
34 + (-45 + 82 - 51)
20
What is -1 + (3 - 2 - 15) - (45 - 83 - -32)?
-9
(1 - (-23 - -41)) + 30 - (3 + -28)
38
What is the value of (-42 - 18) + (3 - (-9 - -15)) + 7?
-56
What is 10 + (3 - -1 - 3 - -43)?
54
What is the value of 318 + -99 + (10 - 135)?
94
What is the value of (-8 - (-2 - -8)) + 67 + -7 - 11?
35
Calculate (152 + 2 - (-1408 - -1447)) + 11 + 0 + -3.
123
84 + (20 - 5 - 14) - -29
114
Evaluate -58 - (10 + (28 - 42) + -4 + -2 + 17).
-65
Calculate 18 - (-31 - 0 - (24 - 24)).
49
Evaluate 3 - (-1 - 3 - (-936 + 958)).
29
What is -25 - (-122 + 95 + -139)?
141
Calculate (51 - (-31 - (-137 - -27))) + 67.
39
-11 - (6 - (6 - (-37 + 23)))
3
What is (3 - 13 - (-67 + 52)) + (-17 - -7)?
-5
0 + -49 + -31 + 145 + -107
-42
What is the value of 48 - (-37 + 77 - 33)?
41
Evaluate (1593 - 1597) + (-2 - -4 - 7 - 3).
-12
Calculate -73 - (4 - 26) - -71.
20
What is 31 + -27 - ((-64 - 3) + 0 + 9)?
62
What is 1 + -24 + (134 - (-167 - -288))?
-10
Calculate -48 - (-14 + -4 + 17) - (17 - 23).
-41
Calculate -1 - (-6 + (0 - -46 - (112 + -113))).
-42
What is the value of (22 - (-5 + 20)) + (-1 - -7 - (-88 - -118))?
-17
What is the value of 65 + -13 + -1 + 36?
87
(57 + -40 - 2) + -12 + 4 + -1 + 10
16
17 - 28 - 47 - (-15 - -3 - -5)
-51
What is the value of (31 - 16 - 35) + -21 + -30?
-71
Calculate -34 + -1 - ((18 - (33 - 16)) + (2 - -1)).
-39
Calculate 58 + -113 + 57 - 51.
-49
-1 - 7 - (12 + (3 + -90 - (0 - 6)))
61
Calculate (1 - (-3 - 3)) + -1192 + 1183.
-2
Calculate -21 + -166 + (302 - 71).
44
What is the value of -51 - (-50 - (-27 + (5 - -8)))?
-15
Calculate -24 - (26 + -109 + 3 + -29).
85
Evaluate -6 + (-14 - (9 + -32 + 41)).
-38
What is 26 + -17 - (-4 - -4) - (124 + -81)?
-34
Calculate (-68 - (-93 + 145)) + 9.
-111
What is the value of (13 - (21 - (3 - -12))) + -2 + -65?
-60
What is -22 - -30 - (-8 + 7)?
9
-82 + (14 - 102) + 18 + 36
-116
Evaluate 2 - 21 - ((4 - 16) + 22 - -6 - 19).
-16
Calculate -102 - (-47 + 8 + -37).
-26
20 + (8 - 11) + 5 - 69
-47
37 + 38 + 30 + -74 + 35
66
Calculate -19 - (-3 + -19 - (273 + -189) - 19).
106
What is -6 + 56 + (-236 - -152)?
-34
What is the value of 12 - (-14 + -4 + (-7 - -23))?
14
(17 - -10 - (-2 - -32)) + 38
35
What is (-1 - 4) + -28 + -14 + 27 + -20?
-40
Calculate 12 - (-7 - (-32 + 3)).
-10
What is the value of -88 + (-113 - -211) - 53?
-43
-18 - ((-11 + -28 - -10 - -30) + (-1 - 12))
-6
34 + (3 + -2 - (-1 + 4)) - (644 - 643)
31
What is the value of (0 - 26) + 7112 + -7028?
58
57 + (76 - (174 + 0))
-41
What is -4 - (-1 - (8 - 23 - -12 - (-66 + 2)))?
58
Calculate (128 + -25 - (18 + -12 - 2)) + -2 + 4.
101
Calculate (-50 - -22) + (-506 - -503).
-31
What is (8 - 8) + (-33 - -5 - 8) - 8?
-44
What is -73 + (123 - (-53 - -87))?
16
What is -4 + (111 - 9) -